{"id":1092,"date":"2021-07-16T11:13:29","date_gmt":"2021-07-16T09:13:29","guid":{"rendered":"https:\/\/www.hofmann-rtv.ch\/?page_id=1092"},"modified":"2023-06-08T09:25:19","modified_gmt":"2023-06-08T07:25:19","slug":"occasion-und-outlet","status":"publish","type":"page","link":"https:\/\/www.hofmann-rtv.ch\/?page_id=1092","title":{"rendered":"Occasion und Outlet"},"content":{"rendered":"\n<h1 class=\"wp-block-heading\">Hier finden Sie gepr\u00fcfte und teils revidierte Occasion \/ Secondlife und Demo Ger\u00e4te.<\/h1>\n\n\n\n<hr class=\"wp-block-separator has-css-opacity\"\/>\n\n\n\n<div class=\"wp-block-media-text alignwide is-stacked-on-mobile is-vertically-aligned-top\" style=\"grid-template-columns:26% auto\"><figure class=\"wp-block-media-text__media\"><img loading=\"lazy\" decoding=\"async\" width=\"1024\" height=\"1024\" src=\"https:\/\/www.hofmann-rtv.ch\/wp-content\/uploads\/2023\/05\/IMG_2158-1024x1024.jpg\" alt=\"\" class=\"wp-image-1770 size-full\" srcset=\"https:\/\/www.hofmann-rtv.ch\/wp-content\/uploads\/2023\/05\/IMG_2158-1024x1024.jpg 1024w, https:\/\/www.hofmann-rtv.ch\/wp-content\/uploads\/2023\/05\/IMG_2158-400x400.jpg 400w, https:\/\/www.hofmann-rtv.ch\/wp-content\/uploads\/2023\/05\/IMG_2158-100x100.jpg 100w, https:\/\/www.hofmann-rtv.ch\/wp-content\/uploads\/2023\/05\/IMG_2158-300x300.jpg 300w, https:\/\/www.hofmann-rtv.ch\/wp-content\/uploads\/2023\/05\/IMG_2158-150x150.jpg 150w, https:\/\/www.hofmann-rtv.ch\/wp-content\/uploads\/2023\/05\/IMG_2158-768x768.jpg 768w, https:\/\/www.hofmann-rtv.ch\/wp-content\/uploads\/2023\/05\/IMG_2158-1536x1536.jpg 1536w, https:\/\/www.hofmann-rtv.ch\/wp-content\/uploads\/2023\/05\/IMG_2158-2048x2048.jpg 2048w, https:\/\/www.hofmann-rtv.ch\/wp-content\/uploads\/2023\/05\/IMG_2158-370x370.jpg 370w\" sizes=\"auto, (max-width: 1024px) 100vw, 1024px\" \/><\/figure><div class=\"wp-block-media-text__content\">\n<h3 class=\"wp-block-heading\">Bang &amp; Olufsen BeoLab 2 Occasion CHF 850.-<\/h3>\n\n\n\n<p>Ganz gleich, ob Sie Pop-, Rock-, Jazz- oder klassische Musik bevorzugen \u2013 in Verbindung mit Ihrem Audiosystem sorgt der BeoLab 2 durch seine pr\u00e4zise und kraftvolle Bassleistung f\u00fcr unvergleichlichen Musikgenuss. Die 850 Watt an ICEpower-Verst\u00e4rkung verleihen Ihrem Musiksystem bzw. Ihrem Surround Sound-Setup eine dramatische Note. <\/p>\n\n\n\n<p>Neupreis: ca CHF 4420.-<\/p>\n\n\n\n<p>Zustand: Gebrauchsspuren und wie auf den Fotos ersichtlich einige Kratzer, sowie ist die Beschichtung am Lautsprecher etwas klebrig, technisch jedoch in einwandfreiem Zustand.<\/p>\n\n\n\n<p>Garantie: keine<\/p>\n\n\n\n<p><\/p>\n\n\n\n<p><\/p>\n\n\n\n<figure class=\"wp-block-table\"><table><tbody><tr><td>Artikel-Nr.<\/td><td>1680001<\/td><\/tr><tr><td>Beschreibung<\/td><td>BeoLab 2 EU; Alu;<\/td><\/tr><tr><td>Typ Nr.<\/td><td>6861<\/td><\/tr><tr><td>Garantieende<\/td><td>23.11.2007<\/td><\/tr><\/tbody><\/table><\/figure>\n\n\n\n<p><\/p>\n\n\n\n<figure class=\"wp-block-gallery has-nested-images columns-default is-cropped wp-block-gallery-1 is-layout-flex wp-block-gallery-is-layout-flex\">\n<figure class=\"wp-block-image size-large\"><img loading=\"lazy\" decoding=\"async\" width=\"1024\" height=\"1024\" data-id=\"1771\" src=\"https:\/\/www.hofmann-rtv.ch\/wp-content\/uploads\/2023\/05\/IMG_2159-1024x1024.jpg\" alt=\"\" class=\"wp-image-1771\" srcset=\"https:\/\/www.hofmann-rtv.ch\/wp-content\/uploads\/2023\/05\/IMG_2159-1024x1024.jpg 1024w, https:\/\/www.hofmann-rtv.ch\/wp-content\/uploads\/2023\/05\/IMG_2159-400x400.jpg 400w, https:\/\/www.hofmann-rtv.ch\/wp-content\/uploads\/2023\/05\/IMG_2159-100x100.jpg 100w, https:\/\/www.hofmann-rtv.ch\/wp-content\/uploads\/2023\/05\/IMG_2159-300x300.jpg 300w, https:\/\/www.hofmann-rtv.ch\/wp-content\/uploads\/2023\/05\/IMG_2159-150x150.jpg 150w, https:\/\/www.hofmann-rtv.ch\/wp-content\/uploads\/2023\/05\/IMG_2159-768x768.jpg 768w, https:\/\/www.hofmann-rtv.ch\/wp-content\/uploads\/2023\/05\/IMG_2159-1536x1536.jpg 1536w, https:\/\/www.hofmann-rtv.ch\/wp-content\/uploads\/2023\/05\/IMG_2159-2048x2048.jpg 2048w, https:\/\/www.hofmann-rtv.ch\/wp-content\/uploads\/2023\/05\/IMG_2159-370x370.jpg 370w\" sizes=\"auto, (max-width: 1024px) 100vw, 1024px\" \/><figcaption class=\"wp-element-caption\">Bang &amp; Olufsen Beolab 2 Occasion \/ Second life <\/figcaption><\/figure>\n\n\n\n<figure class=\"wp-block-image size-large\"><img loading=\"lazy\" decoding=\"async\" width=\"1024\" height=\"1024\" data-id=\"1772\" src=\"https:\/\/www.hofmann-rtv.ch\/wp-content\/uploads\/2023\/05\/IMG_2162-1024x1024.jpg\" alt=\"\" class=\"wp-image-1772\" srcset=\"https:\/\/www.hofmann-rtv.ch\/wp-content\/uploads\/2023\/05\/IMG_2162-1024x1024.jpg 1024w, https:\/\/www.hofmann-rtv.ch\/wp-content\/uploads\/2023\/05\/IMG_2162-400x400.jpg 400w, https:\/\/www.hofmann-rtv.ch\/wp-content\/uploads\/2023\/05\/IMG_2162-100x100.jpg 100w, https:\/\/www.hofmann-rtv.ch\/wp-content\/uploads\/2023\/05\/IMG_2162-300x300.jpg 300w, https:\/\/www.hofmann-rtv.ch\/wp-content\/uploads\/2023\/05\/IMG_2162-150x150.jpg 150w, https:\/\/www.hofmann-rtv.ch\/wp-content\/uploads\/2023\/05\/IMG_2162-768x768.jpg 768w, https:\/\/www.hofmann-rtv.ch\/wp-content\/uploads\/2023\/05\/IMG_2162-1536x1536.jpg 1536w, https:\/\/www.hofmann-rtv.ch\/wp-content\/uploads\/2023\/05\/IMG_2162-2048x2048.jpg 2048w, https:\/\/www.hofmann-rtv.ch\/wp-content\/uploads\/2023\/05\/IMG_2162-370x370.jpg 370w\" sizes=\"auto, (max-width: 1024px) 100vw, 1024px\" \/><figcaption class=\"wp-element-caption\">Bang &amp; Olufsen Beolab 2 Occasion \/ Second life <\/figcaption><\/figure>\n\n\n\n<figure class=\"wp-block-image size-large\"><img loading=\"lazy\" decoding=\"async\" width=\"1024\" height=\"1024\" data-id=\"1770\" src=\"https:\/\/www.hofmann-rtv.ch\/wp-content\/uploads\/2023\/05\/IMG_2158-1024x1024.jpg\" alt=\"\" class=\"wp-image-1770\" srcset=\"https:\/\/www.hofmann-rtv.ch\/wp-content\/uploads\/2023\/05\/IMG_2158-1024x1024.jpg 1024w, https:\/\/www.hofmann-rtv.ch\/wp-content\/uploads\/2023\/05\/IMG_2158-400x400.jpg 400w, https:\/\/www.hofmann-rtv.ch\/wp-content\/uploads\/2023\/05\/IMG_2158-100x100.jpg 100w, https:\/\/www.hofmann-rtv.ch\/wp-content\/uploads\/2023\/05\/IMG_2158-300x300.jpg 300w, https:\/\/www.hofmann-rtv.ch\/wp-content\/uploads\/2023\/05\/IMG_2158-150x150.jpg 150w, https:\/\/www.hofmann-rtv.ch\/wp-content\/uploads\/2023\/05\/IMG_2158-768x768.jpg 768w, https:\/\/www.hofmann-rtv.ch\/wp-content\/uploads\/2023\/05\/IMG_2158-1536x1536.jpg 1536w, https:\/\/www.hofmann-rtv.ch\/wp-content\/uploads\/2023\/05\/IMG_2158-2048x2048.jpg 2048w, https:\/\/www.hofmann-rtv.ch\/wp-content\/uploads\/2023\/05\/IMG_2158-370x370.jpg 370w\" sizes=\"auto, (max-width: 1024px) 100vw, 1024px\" \/><figcaption class=\"wp-element-caption\">Bang &amp; Olufsen Beolab 2 Occasion \/ Second life <\/figcaption><\/figure>\n\n\n\n<figure class=\"wp-block-image size-large\"><img loading=\"lazy\" decoding=\"async\" width=\"1024\" height=\"1024\" data-id=\"1776\" src=\"https:\/\/www.hofmann-rtv.ch\/wp-content\/uploads\/2023\/05\/IMG_2158-1-1024x1024.jpg\" alt=\"\" class=\"wp-image-1776\" srcset=\"https:\/\/www.hofmann-rtv.ch\/wp-content\/uploads\/2023\/05\/IMG_2158-1-1024x1024.jpg 1024w, https:\/\/www.hofmann-rtv.ch\/wp-content\/uploads\/2023\/05\/IMG_2158-1-400x400.jpg 400w, https:\/\/www.hofmann-rtv.ch\/wp-content\/uploads\/2023\/05\/IMG_2158-1-100x100.jpg 100w, https:\/\/www.hofmann-rtv.ch\/wp-content\/uploads\/2023\/05\/IMG_2158-1-300x300.jpg 300w, https:\/\/www.hofmann-rtv.ch\/wp-content\/uploads\/2023\/05\/IMG_2158-1-150x150.jpg 150w, https:\/\/www.hofmann-rtv.ch\/wp-content\/uploads\/2023\/05\/IMG_2158-1-768x768.jpg 768w, https:\/\/www.hofmann-rtv.ch\/wp-content\/uploads\/2023\/05\/IMG_2158-1-1536x1536.jpg 1536w, https:\/\/www.hofmann-rtv.ch\/wp-content\/uploads\/2023\/05\/IMG_2158-1-2048x2048.jpg 2048w, https:\/\/www.hofmann-rtv.ch\/wp-content\/uploads\/2023\/05\/IMG_2158-1-370x370.jpg 370w\" sizes=\"auto, (max-width: 1024px) 100vw, 1024px\" \/><figcaption class=\"wp-element-caption\">Bang &amp; Olufsen Beolab 2 Occasion \/ Second life<\/figcaption><\/figure>\n\n\n\n<figure class=\"wp-block-image size-large\"><img loading=\"lazy\" decoding=\"async\" width=\"1024\" height=\"1024\" data-id=\"1775\" src=\"https:\/\/www.hofmann-rtv.ch\/wp-content\/uploads\/2023\/05\/IMG_2160-1024x1024.jpg\" alt=\"\" class=\"wp-image-1775\" srcset=\"https:\/\/www.hofmann-rtv.ch\/wp-content\/uploads\/2023\/05\/IMG_2160-1024x1024.jpg 1024w, https:\/\/www.hofmann-rtv.ch\/wp-content\/uploads\/2023\/05\/IMG_2160-scaled-400x400.jpg 400w, https:\/\/www.hofmann-rtv.ch\/wp-content\/uploads\/2023\/05\/IMG_2160-scaled-100x100.jpg 100w, https:\/\/www.hofmann-rtv.ch\/wp-content\/uploads\/2023\/05\/IMG_2160-300x300.jpg 300w, https:\/\/www.hofmann-rtv.ch\/wp-content\/uploads\/2023\/05\/IMG_2160-150x150.jpg 150w, https:\/\/www.hofmann-rtv.ch\/wp-content\/uploads\/2023\/05\/IMG_2160-768x768.jpg 768w, https:\/\/www.hofmann-rtv.ch\/wp-content\/uploads\/2023\/05\/IMG_2160-1536x1536.jpg 1536w, https:\/\/www.hofmann-rtv.ch\/wp-content\/uploads\/2023\/05\/IMG_2160-2048x2048.jpg 2048w, https:\/\/www.hofmann-rtv.ch\/wp-content\/uploads\/2023\/05\/IMG_2160-370x370.jpg 370w\" sizes=\"auto, (max-width: 1024px) 100vw, 1024px\" \/><figcaption class=\"wp-element-caption\">Bang &amp; Olufsen Beolab 2 Occasion \/ Second life<\/figcaption><\/figure>\n\n\n\n<figure class=\"wp-block-image size-large\"><img loading=\"lazy\" decoding=\"async\" width=\"1024\" height=\"1024\" data-id=\"1774\" src=\"https:\/\/www.hofmann-rtv.ch\/wp-content\/uploads\/2023\/05\/IMG_2155-1024x1024.jpg\" alt=\"\" class=\"wp-image-1774\" srcset=\"https:\/\/www.hofmann-rtv.ch\/wp-content\/uploads\/2023\/05\/IMG_2155-1024x1024.jpg 1024w, https:\/\/www.hofmann-rtv.ch\/wp-content\/uploads\/2023\/05\/IMG_2155-400x400.jpg 400w, https:\/\/www.hofmann-rtv.ch\/wp-content\/uploads\/2023\/05\/IMG_2155-100x100.jpg 100w, https:\/\/www.hofmann-rtv.ch\/wp-content\/uploads\/2023\/05\/IMG_2155-300x300.jpg 300w, https:\/\/www.hofmann-rtv.ch\/wp-content\/uploads\/2023\/05\/IMG_2155-150x150.jpg 150w, https:\/\/www.hofmann-rtv.ch\/wp-content\/uploads\/2023\/05\/IMG_2155-768x768.jpg 768w, https:\/\/www.hofmann-rtv.ch\/wp-content\/uploads\/2023\/05\/IMG_2155-1536x1536.jpg 1536w, https:\/\/www.hofmann-rtv.ch\/wp-content\/uploads\/2023\/05\/IMG_2155-2048x2048.jpg 2048w, https:\/\/www.hofmann-rtv.ch\/wp-content\/uploads\/2023\/05\/IMG_2155-370x370.jpg 370w\" sizes=\"auto, (max-width: 1024px) 100vw, 1024px\" \/><figcaption class=\"wp-element-caption\">Bang &amp; Olufsen Beolab 2 Occasion \/ Second life 2Occasion \/ Second life<\/figcaption><\/figure>\n<\/figure>\n<\/div><\/div>\n\n\n\n<hr class=\"wp-block-separator has-css-opacity\"\/>\n\n\n\n<div class=\"wp-block-media-text alignwide has-media-on-the-right is-stacked-on-mobile\"><div class=\"wp-block-media-text__content\">\n<h3 class=\"wp-block-heading\">Bang &amp; Olufsen BeoSound 2 2nd Gen. ohne GVA Demoger\u00e4t CHF 1150.-<\/h3>\n\n\n\n<p>Neupreis: ca CHF 2299.-<\/p>\n\n\n\n<p>Leistungsstarker Multiroom-Lautsprecher, der so sch\u00f6n klingt, wie er aussieht. Fesselnder Klang aus allen Winkeln, unabh\u00e4ngig vom Aufstellort.<\/p>\n\n\n\n<p>Zustand: Wie auf den Bildern ersichtlich hat es einen Kratzer am Geh\u00e4use, technisch jedoch einwandfrei.<\/p>\n\n\n\n<p><\/p>\n\n\n\n<figure class=\"wp-block-table\"><table><tbody><tr><td>Artikel-Nr.<\/td><td>1665811<\/td><\/tr><tr><td>Beschreibung<\/td><td>BeoSound 2 Alu; WiFi 2<\/td><\/tr><tr><td>Typ Nr.<\/td><td>6658<\/td><\/tr><\/tbody><\/table><figcaption class=\"wp-element-caption\"><br><\/figcaption><\/figure>\n<\/div><figure class=\"wp-block-media-text__media\"><img loading=\"lazy\" decoding=\"async\" width=\"639\" height=\"1024\" src=\"https:\/\/www.hofmann-rtv.ch\/wp-content\/uploads\/2023\/06\/2944751928-639x1024.png\" alt=\"\" class=\"wp-image-1787 size-full\" srcset=\"https:\/\/www.hofmann-rtv.ch\/wp-content\/uploads\/2023\/06\/2944751928-639x1024.png 639w, https:\/\/www.hofmann-rtv.ch\/wp-content\/uploads\/2023\/06\/2944751928-400x641.png 400w, https:\/\/www.hofmann-rtv.ch\/wp-content\/uploads\/2023\/06\/2944751928-187x300.png 187w, https:\/\/www.hofmann-rtv.ch\/wp-content\/uploads\/2023\/06\/2944751928-768x1231.png 768w, https:\/\/www.hofmann-rtv.ch\/wp-content\/uploads\/2023\/06\/2944751928-231x370.png 231w, https:\/\/www.hofmann-rtv.ch\/wp-content\/uploads\/2023\/06\/2944751928.png 800w\" sizes=\"auto, (max-width: 639px) 100vw, 639px\" \/><\/figure><\/div>\n\n\n\n<figure class=\"wp-block-gallery has-nested-images columns-default is-cropped wp-block-gallery-2 is-layout-flex wp-block-gallery-is-layout-flex\">\n<figure class=\"wp-block-image size-large\"><img loading=\"lazy\" decoding=\"async\" width=\"768\" height=\"1024\" data-id=\"1789\" src=\"https:\/\/www.hofmann-rtv.ch\/wp-content\/uploads\/2023\/06\/beosound21-768x1024.jpg\" alt=\"\" class=\"wp-image-1789\" srcset=\"https:\/\/www.hofmann-rtv.ch\/wp-content\/uploads\/2023\/06\/beosound21-768x1024.jpg 768w, https:\/\/www.hofmann-rtv.ch\/wp-content\/uploads\/2023\/06\/beosound21-400x533.jpg 400w, https:\/\/www.hofmann-rtv.ch\/wp-content\/uploads\/2023\/06\/beosound21-225x300.jpg 225w, https:\/\/www.hofmann-rtv.ch\/wp-content\/uploads\/2023\/06\/beosound21-1152x1536.jpg 1152w, https:\/\/www.hofmann-rtv.ch\/wp-content\/uploads\/2023\/06\/beosound21-278x370.jpg 278w, https:\/\/www.hofmann-rtv.ch\/wp-content\/uploads\/2023\/06\/beosound21.jpg 1512w\" sizes=\"auto, (max-width: 768px) 100vw, 768px\" \/><\/figure>\n\n\n\n<figure class=\"wp-block-image size-large\"><img loading=\"lazy\" decoding=\"async\" width=\"576\" height=\"1024\" data-id=\"1788\" src=\"https:\/\/www.hofmann-rtv.ch\/wp-content\/uploads\/2023\/06\/beosound213-576x1024.jpg\" alt=\"\" class=\"wp-image-1788\" srcset=\"https:\/\/www.hofmann-rtv.ch\/wp-content\/uploads\/2023\/06\/beosound213-576x1024.jpg 576w, https:\/\/www.hofmann-rtv.ch\/wp-content\/uploads\/2023\/06\/beosound213-400x711.jpg 400w, https:\/\/www.hofmann-rtv.ch\/wp-content\/uploads\/2023\/06\/beosound213-169x300.jpg 169w, https:\/\/www.hofmann-rtv.ch\/wp-content\/uploads\/2023\/06\/beosound213-768x1365.jpg 768w, https:\/\/www.hofmann-rtv.ch\/wp-content\/uploads\/2023\/06\/beosound213-864x1536.jpg 864w, https:\/\/www.hofmann-rtv.ch\/wp-content\/uploads\/2023\/06\/beosound213-208x370.jpg 208w, https:\/\/www.hofmann-rtv.ch\/wp-content\/uploads\/2023\/06\/beosound213.jpg 1134w\" sizes=\"auto, (max-width: 576px) 100vw, 576px\" \/><\/figure>\n\n\n\n<figure class=\"wp-block-image size-large\"><img loading=\"lazy\" decoding=\"async\" width=\"768\" height=\"1024\" data-id=\"1791\" src=\"https:\/\/www.hofmann-rtv.ch\/wp-content\/uploads\/2023\/06\/beosound214-768x1024.jpg\" alt=\"\" class=\"wp-image-1791\" srcset=\"https:\/\/www.hofmann-rtv.ch\/wp-content\/uploads\/2023\/06\/beosound214-768x1024.jpg 768w, https:\/\/www.hofmann-rtv.ch\/wp-content\/uploads\/2023\/06\/beosound214-400x533.jpg 400w, https:\/\/www.hofmann-rtv.ch\/wp-content\/uploads\/2023\/06\/beosound214-225x300.jpg 225w, https:\/\/www.hofmann-rtv.ch\/wp-content\/uploads\/2023\/06\/beosound214-1152x1536.jpg 1152w, https:\/\/www.hofmann-rtv.ch\/wp-content\/uploads\/2023\/06\/beosound214-278x370.jpg 278w, https:\/\/www.hofmann-rtv.ch\/wp-content\/uploads\/2023\/06\/beosound214.jpg 1512w\" sizes=\"auto, (max-width: 768px) 100vw, 768px\" \/><\/figure>\n<\/figure>\n\n\n\n<p><\/p>\n\n\n\n<hr class=\"wp-block-separator has-css-opacity\"\/>\n\n\n\n<div class=\"wp-block-media-text alignwide is-stacked-on-mobile\"><figure class=\"wp-block-media-text__media\"><\/figure><div class=\"wp-block-media-text__content\">\n<p class=\"has-sitetext-color has-text-color\"><strong>Installation<\/strong><br>(Besichtigung, Montage sowie Material werden nach effektiven Aufwand verrechnet (pro Techniker CHF 120.- p\/h ). Zus\u00e4tzliches Material wie&nbsp; Kan\u00e4le und Kabel werden separat verrechnet.<\/p>\n\n\n\n<p><strong>Garantie Occasion:<\/strong><br>Solange nichts anderes vereinbart 3 Monate Bring-In Garantie bei allen Fertigungs- und Materialm\u00e4ngeln. Nicht inbegriffen sind Leistungen externer Fehlerquellen die nicht mit der ausgef\u00fchrten Installation stehen. Firmware \/ Software\u00e4nderungen, Aktualisierungen sowie \u00c4nderungen der Zuspielger\u00e4te und Drittanbietern&nbsp; (z.b. Swisscom TV \/ Apple \/ UPC Horizon, Modem ,Google- dienste usw ) sind von der Garantie ausgeschlossen.<\/p>\n\n\n\n<p><strong>Konditionen Occasion Demo:<\/strong><br>Barzahlung bei Abholung \/ Lieferung<\/p>\n\n\n\n<p class=\"has-normal-font-size\">Demo- und Occasion Ger\u00e4te k\u00f6nnen gebrauchsspuren ausweisen<\/p>\n<\/div><\/div>\n","protected":false},"excerpt":{"rendered":"<p>Hier finden Sie gepr\u00fcfte und teils revidierte Occasion \/ Secondlife und Demo Ger\u00e4te. Bang &amp; Olufsen BeoSound 2 2nd Gen. ohne GVA Demoger\u00e4t CHF 1150.- Neupreis: ca CHF 2299.- Leistungsstarker Multiroom-Lautsprecher, der so sch\u00f6n klingt, wie er aussieht. Fesselnder Klang aus allen Winkeln, unabh\u00e4ngig vom Aufstellort. Zustand: Wie auf den &hellip;<\/p>\n","protected":false},"author":4,"featured_media":1103,"parent":0,"menu_order":0,"comment_status":"closed","ping_status":"closed","template":"","meta":{"footnotes":""},"class_list":["post-1092","page","type-page","status-publish","has-post-thumbnail","hentry"],"jetpack_sharing_enabled":true,"_links":{"self":[{"href":"https:\/\/www.hofmann-rtv.ch\/index.php?rest_route=\/wp\/v2\/pages\/1092","targetHints":{"allow":["GET"]}}],"collection":[{"href":"https:\/\/www.hofmann-rtv.ch\/index.php?rest_route=\/wp\/v2\/pages"}],"about":[{"href":"https:\/\/www.hofmann-rtv.ch\/index.php?rest_route=\/wp\/v2\/types\/page"}],"author":[{"embeddable":true,"href":"https:\/\/www.hofmann-rtv.ch\/index.php?rest_route=\/wp\/v2\/users\/4"}],"replies":[{"embeddable":true,"href":"https:\/\/www.hofmann-rtv.ch\/index.php?rest_route=%2Fwp%2Fv2%2Fcomments&post=1092"}],"version-history":[{"count":65,"href":"https:\/\/www.hofmann-rtv.ch\/index.php?rest_route=\/wp\/v2\/pages\/1092\/revisions"}],"predecessor-version":[{"id":1796,"href":"https:\/\/www.hofmann-rtv.ch\/index.php?rest_route=\/wp\/v2\/pages\/1092\/revisions\/1796"}],"wp:featuredmedia":[{"embeddable":true,"href":"https:\/\/www.hofmann-rtv.ch\/index.php?rest_route=\/wp\/v2\/media\/1103"}],"wp:attachment":[{"href":"https:\/\/www.hofmann-rtv.ch\/index.php?rest_route=%2Fwp%2Fv2%2Fmedia&parent=1092"}],"curies":[{"name":"wp","href":"https:\/\/api.w.org\/{rel}","templated":true}]}}