{"id":5371,"date":"2026-04-11T15:27:25","date_gmt":"2026-04-11T13:27:25","guid":{"rendered":"https:\/\/www.hofmann-rtv.ch\/?product=sonoro-elite-3"},"modified":"2026-04-12T10:10:25","modified_gmt":"2026-04-12T08:10:25","slug":"sonoro-elite-3","status":"publish","type":"product","link":"https:\/\/www.hofmann-rtv.ch\/?product=sonoro-elite-3","title":{"rendered":"Sonoro Elite"},"content":{"rendered":"<p>Auf einen Blick: das bietet Ihnen das ELITE<br \/>\n360\u00b0 Sound Erleben Sie ein angenehmes 360\u00b0-Klangbild dank nach oben ausgerichtetem Lautsprecher. Zahlreiche Musikquellen W\u00e4hlen Sie zwischen FM Radio, DAB+ Digitalradio, Internetradio, CD-Player oder externen Quellen. Bluetooth Spielen Sie Musik via Smartphone oder Tablet ab.<\/p>\n<p>Musik Streaming Greifen Sie direkt auf Musik-Streamingdienste wie Spotify, Amazon Music und Deezer zu. USB-Port mit Ladefunktion Laden Sie Ihr Smartphone oder Tablet unkompliziert am Ger\u00e4t auf. Gute Nacht Erholen Sie sich ungest\u00f6rt dank automatischer Anpassung der Displayhelligkeit an die Lichtverh\u00e4ltnisse. Klangvoll in den Tag starten Wachen Sie mit der dualen Weckfunktion zu den Kl\u00e4ngen von Alarmsignal oder Radio auf. Design zum Verlieben Handgeschliffenes Holzgeh\u00e4use mit edler Lackierung<\/p>\n<p>Deutsche Ingenieurskunst H\u00f6chste Klangqualit\u00e4t, zeitloses Design und einfache Bedienung Smarter Allesk\u00f6nner Erleben Sie ausgewogenen Sound mit unserem ELITE All-in-One Musiksystem: Der Lautsprecher an der Oberseite des Ger\u00e4ts verteilt den Klang gleichm\u00e4\u00dfig im Raum &#8212; ideal f\u00fcr kleine bis mittelgro\u00dfe R\u00e4ume wie Ihr Schlafzimmer, G\u00e4ste- oder Arbeitszimmer.<\/p>\n<p>Vielseitiger Musikgenuss So kompakt, so vielseitig: Das ELITE holt Musik, Nachrichten und Podcasts von mehr als 25.000 Internetradiosendern weltweit auf Ihren Nachttisch. Sie m\u00f6gen H\u00f6rb\u00fccher? Spielen Sie Ihre H\u00f6rbuch-CDs einfach mit dem integrierten CD-Player ab. Das Musiksystem verf\u00fcgt au\u00dferdem \u00fcber DAB+ Digitalradio, Bluetooth und ist mit vielen Musik- Streamingdiensten kompatibel.<\/p>\n<p>Schick und smart Unser ELITE ist mehr als ein Radiowecker: Der sonoro-typische Holzkorpus mit hochwertigem Lack oder authentischer Walnuss-Maserung veredelt, ist ein platzsparendes und zugleich schickes Statement-Piece auf Ihrer Nachtkommode oder Ihrem Schreibtisch. Im Innern ist das ELITE mit moderner Bluetooth-Technologie ausgestattet &#8212; f\u00fcr brillante, st\u00f6rungsfreie Musik\u00fcbertragung. An der Oberseite der Kompaktanlage befindet sich ein 3-Zoll-Lautsprecher. Dadurch verteilt sich der Klang gleichm\u00e4\u00dfig in Ihrem Schlaf- oder Arbeitszimmer. Ein Bassreflexrohr an der R\u00fcckseite sorgt f\u00fcr kraftvollen Sound.<\/p>\n<p>Technische Informationen<\/p>\n<p>360 Grad Klangbild dank nach oben ausgerichtetem Lautsprecher<\/p>\n<p>3 Zoll Breitband Lautsprecher mit Bassreflexr\u00f6hre (Wizard cone)<\/p>\n<p>Equalizer Funktion zum Einstellen von B\u00e4ssen und H\u00f6hen, sowie Loudness, Flat, Jazz, Rock, Movie, Classic, Pop, News<\/p>\n<p>DAB\/DAB+\/FM Digitalradio mit 4 Senderspeichern<\/p>\n<p>Automatische &#038; manuelle Sendersuche<\/p>\n<p>Stationstasten: 4x frei programmierbar am Ger\u00e4t<\/p>\n<p>CD-Player (CD, CD-R, CD-RW, MP3-CD, WMA) mit Repeat-, Shuffle- und Resume-Funktion<\/p>\n<p>Bluetooth\u00ae-Technologie f\u00fcr kabellose Musik\u00fcbertragung<\/p>\n<p>USB-Port nur mit Ladefunktion<\/p>\n<p>Weckfunktion &#038; Schlummerfunktion<\/p>\n<p>Duale Weckfunktion (2-facher Timer)<\/p>\n<p>Weckt\u00f6ne: FM, DAB+, Internetradio, Alarmt\u00f6ne<\/p>\n<p>Einschlaffunktion mit Einstellung in 15 Minuten Abst\u00e4nden (15, 30, 45, 60, 90 min.)<\/p>\n<p>LCD Display mit LUX Sensor<\/p>\n<p>Verschl\u00fcsselung: WEP, WPA, WPA2 (PSK), WPS<\/p>\n<p>Fernbedienung (Infrarot)<\/p>\n<p>Aux-In f\u00fcr weitere externe Abspielquellen wie Smartphone, Laptop etc.<\/p>\n<p>Benutzerfreundliche und intuitive Menu\u0308fu\u0308hrung<\/p>\n<p>Input \/ Output Bluetooth\u00ae Technologie (A2DP, AVRCP) fu\u0308r kabellose Musiku\u0308bertragung<\/p>\n<p>AUX-In (3,5 mm Klinke)<\/p>\n<p>USB-Port 5V\/2,1A nur Ladefunktion<\/p>\n<p>Antenneneingang (F-Stecker) 75 Ohm FM\/DAB\/DAB+<\/p>\n<p>WiFi-Antennenanschluss<\/p>\n<p>15,5V, 2.9A Gleichspannungseingang 5,5mm, f\u00fcr Steckernetzteil 100-240V, 50\/60Hz<\/p>\n<p>Kopfh\u00f6reranschluss<\/p>\n<p>Gewicht<\/p>\n<p>ca. 3,6 kg<br \/>\nAbmessungen (B\/H\/T) inklusive Antennen aber ohne Drehregler: 210 x 140 x 257 mm<\/p>\n","protected":false},"excerpt":{"rendered":"<p>Auf einen Blick: das bietet Ihnen das ELITE 360\u00b0 Sound Erleben Sie ein angenehmes 360\u00b0-Klangbild dank nach oben ausgerichtetem Lautsprecher. Zahlreiche Musikquellen W\u00e4hlen Sie zwischen FM Radio, DAB+ Digitalradio, Internetradio, CD-Player oder externen Quellen. Bluetooth Spielen Sie Musik via Smartphone oder Tablet ab. Musik Streaming Greifen Sie direkt auf Musik-Streamingdienste &hellip;<\/p>\n","protected":false},"featured_media":5370,"template":"","meta":[],"pwb-brand":[96],"product_brand":[87],"product_cat":[84,32],"product_tag":[],"class_list":{"0":"post-5371","1":"product","2":"type-product","3":"status-publish","4":"has-post-thumbnail","6":"pwb-brand-german-audio-design","7":"product_brand-sonoro","8":"product_cat-sonoro","9":"product_cat-hifi","11":"first","12":"outofstock","13":"shipping-taxable","14":"purchasable","15":"product-type-simple"},"jetpack_sharing_enabled":true,"brands":[{"id":96,"name":"Sonoro","slug":"german-audio-design"}],"_links":{"self":[{"href":"https:\/\/www.hofmann-rtv.ch\/index.php?rest_route=\/wp\/v2\/product\/5371","targetHints":{"allow":["GET"]}}],"collection":[{"href":"https:\/\/www.hofmann-rtv.ch\/index.php?rest_route=\/wp\/v2\/product"}],"about":[{"href":"https:\/\/www.hofmann-rtv.ch\/index.php?rest_route=\/wp\/v2\/types\/product"}],"wp:featuredmedia":[{"embeddable":true,"href":"https:\/\/www.hofmann-rtv.ch\/index.php?rest_route=\/wp\/v2\/media\/5370"}],"wp:attachment":[{"href":"https:\/\/www.hofmann-rtv.ch\/index.php?rest_route=%2Fwp%2Fv2%2Fmedia&parent=5371"}],"wp:term":[{"taxonomy":"pwb-brand","embeddable":true,"href":"https:\/\/www.hofmann-rtv.ch\/index.php?rest_route=%2Fwp%2Fv2%2Fpwb-brand&post=5371"},{"taxonomy":"product_brand","embeddable":true,"href":"https:\/\/www.hofmann-rtv.ch\/index.php?rest_route=%2Fwp%2Fv2%2Fproduct_brand&post=5371"},{"taxonomy":"product_cat","embeddable":true,"href":"https:\/\/www.hofmann-rtv.ch\/index.php?rest_route=%2Fwp%2Fv2%2Fproduct_cat&post=5371"},{"taxonomy":"product_tag","embeddable":true,"href":"https:\/\/www.hofmann-rtv.ch\/index.php?rest_route=%2Fwp%2Fv2%2Fproduct_tag&post=5371"}],"curies":[{"name":"wp","href":"https:\/\/api.w.org\/{rel}","templated":true}]}}